actors of 276690663?
3, 541, 56827
List the prime factors of 2458429386.
2, 3, 7, 71, 443, 1861
What are the prime factors of 2321795836?
2, 43, 13498813
What are the prime factors of 50921334?
2, 3, 1091, 2593
List the prime factors of 7737965772.
2, 3, 644830481
What are the prime factors of 1968067668?
2, 3, 7, 23429377
What are the prime factors of 81537507?
3, 23, 393901
What are the prime factors of 1475057211?
3, 18313, 26849
What are the prime factors of 143890175?
5, 11, 13, 3659
List the prime factors of 12258925.
5, 7, 70051
List the prime factors of 32841771.
3, 10947257
What are the prime factors of 2957400415?
5, 4013, 147391
List the prime factors of 842708215.
5, 53, 3180031
List the prime factors of 850347828.
2, 3, 11, 65071
What are the prime factors of 93767193?
3, 13, 267143
What are the prime factors of 319410193?
79, 4043167
List the prime factors of 80429122.
2, 29, 89, 15581
List the prime factors of 20583597.
3, 23, 31, 9623
List the prime factors of 176457476.
2, 13, 3393413
What are the prime factors of 110546364?
2, 3, 9212197
List the prime factors of 52181742.
2, 3, 31, 280547
List the prime factors of 57588512.
2, 97, 18553
List the prime factors of 1675312586.
2, 837656293
What are the prime factors of 10276510?
2, 5, 607, 1693
What are the prime factors of 3248569?
139, 23371
List the prime factors of 342346650.
2, 3, 5, 43, 53077
List the prime factors of 132150361.
7, 29, 650987
List the prime factors of 7360980691.
7360980691
List the prime factors of 1483365460.
2, 5, 74168273
List the prime factors of 15172948.
2, 7, 11059
What are the prime factors of 358833224?
2, 181, 247813
List the prime factors of 1328365678.
2, 664182839
List the prime factors of 2576954816.
2, 211, 190829
List the prime factors of 1676340352.
2, 17, 37, 47, 443
List the prime factors of 159958368.
2, 3, 185137
What are the prime factors of 36754192?
2, 2297137
List the prime factors of 105176976.
2, 3, 23, 47, 2027
What are the prime factors of 8426139123?
3, 2808713041
What are the prime factors of 67552885?
5, 19, 251, 2833
List the prime factors of 64437076.
2, 11, 23, 41, 1553
List the prime factors of 2865903494.
2, 19, 277, 272269
What are the prime factors of 610628207?
7, 241, 361961
What are the prime factors of 907391433?
3, 13, 557, 41771
List the prime factors of 472272904.
2, 59034113
List the prime factors of 70578997.
1019, 69263
What are the prime factors of 6266407077?
3, 7, 17, 41, 47569
List the prime factors of 256170274.
2, 19, 23, 109, 2689
List the prime factors of 1137207871.
643, 1768597
What are the prime factors of 1372037941?
367, 401, 9323
What are the prime factors of 472944236?
2, 59, 2004001
List the prime factors of 49641168.
2, 3, 31, 73, 457
What are the prime factors of 246375954?
2, 3, 11, 23, 54101
What are the prime factors of 703306385?
5, 9311, 15107
List the prime factors of 140059987.
43, 1433, 2273
What are the prime factors of 1174549?
1174549
What are the prime factors of 31349308?
2, 31, 252817
List the prime factors of 127576422.
2, 3, 1747, 4057
What are the prime factors of 2695106462?
2, 1347553231
What are the prime factors of 415297035?
3, 5, 113, 81671
List the prime factors of 295193614.
2, 19, 7768253
What are the prime factors of 88525435?
5, 17705087
List the prime factors of 3882347190.
2, 3, 5, 43137191
What are the prime factors of 4522191366?
2, 3, 7, 11, 9788293
List the prime factors of 75904278.
2, 3, 19, 23, 28949
What are the prime factors of 33369356?
2, 8342339
List the prime factors of 922670179.
922670179
What are the prime factors of 4409362582?
2, 2204681291
List the prime factors of 960033982.
2, 61, 7869131
What are the prime factors of 53636985?
3, 5, 132437
What are the prime factors of 1503387258?
2, 3, 73, 433, 7927
What are the prime factors of 42936275?
5, 1717451
What are the prime factors of 593464804?
2, 1451, 102251
What are the prime factors of 2170348029?
3, 241149781
What are the prime factors of 515003394?
2, 3, 1181, 72679
List the prime factors of 78787224.
2, 3, 19, 57593
What are the prime factors of 15340656?
2, 3, 401, 797
List the prime factors of 1817666724.
2, 3, 17, 23, 387397
What are the prime factors of 1001984150?
2, 5, 1669, 12007
What are the prime factors of 1100345302?
2, 7, 97, 810269
What are the prime factors of 118026618?
2, 3, 41, 479783
What are the prime factors of 661605854?
2, 7, 13, 3635197
List the prime factors of 177162705.
3, 5, 311, 12659
What are the prime factors of 1191183635?
5, 43, 227, 24407
What are the prime factors of 728323750?
2, 5, 7, 11, 23, 47
List the prime factors of 118230163.
439, 269317
List the prime factors of 49674403.
67, 741409
What are the prime factors of 434835920?
2, 5, 433, 12553
List the prime factors of 118294344.
2, 3, 7, 8693
List the prime factors of 182998570.
2, 5, 739, 24763
List the prime factors of 107939982.
2, 3, 619, 29063
List the prime factors of 4201353827.
11, 381941257
What are the prime factors of 160920379?
61, 2638039
List the prime factors of 408370911.
3, 13, 23, 455263
List the prime factors of 601113164.
2, 4787, 31393
List the prime factors of 4514467912.
2, 17, 241, 137737
List the prime factors of 1505484484.
2, 7, 89, 347, 1741
List the prime factors of 49277347.
7, 941, 7481
List the prime factors of 115469469.
3, 317, 1499
List the prime factors of 47725746.
2, 3, 97, 82003
List the prime factors of 526881446.
2, 7, 13, 59, 139, 353
What are the prime factors of 7535127?
3, 2511709
List the prime factors of 230884807.
31, 263, 28319
What are the prime factors of 3543629813?
47, 313, 240883
List the prime factors of 4460522980.
2, 5, 769, 290021
What are the prime factors of 6074495?
5, 7, 197, 881
List the prime factors of 937206322.
2, 13, 31, 409, 2843
List the prime factors of 25865728.
2, 7, 1031
What are the prime factors of 103457190?
2, 3, 5, 3448573
What are the prime factors of 146248041?
3, 53, 919799
What are the prime factors of 3669088671?
3, 29, 937, 1667
What are the prime factors of 626683615?
5, 37, 83, 40813
List the prime factors of 47571410.
2, 5, 1429, 3329
List the prime factors of 71660865.
3, 5, 17, 281023
List the prime factors of 674768413.
11, 19, 31, 104147
What are the prime factors of 4550577723?
3, 505619747
List the prime factors of 677923250.
2, 5, 37, 83, 883
List the prime factors of 79225735.
5, 41, 293, 1319
List the prime factors of 162152330.
2, 5, 127, 127679
List the prime factors of 114161175.
3, 5, 507383
List the prime factors of 1424007552.
2, 3, 11, 443, 761
List the prime factors of 29258599.
23, 1272113
List the prime factors of 3239489121.
3, 11, 98166337
List the prime factors of 969384614.
2, 11, 44062937
List the prime factors of 487626774.
2, 3, 37, 787, 2791
What are the prime factors of 198014672?
2, 12375917
List the prime factors of 161767034.
2, 11, 13, 37, 15287
What are the prime factors of 76411872?
2, 3, 17, 15607
List the prime factors of 356468943.
3, 118822981
What are the prime factors of 1138951688?
2, 7, 2905489
List the prime factors of 92597266.
2, 17, 421, 6469
What are the prime factors of 141562951?
3637, 38923
What are the prime factors of 847820467?
13, 73, 893383
List the prime factors of 733403535.
3, 5, 48893569
What are the prime factors of 71880083?
11, 23, 284111
What are the prime factors of 406722344?
2, 7, 1037557
List the prime factors of 37334122.
2, 7, 1019, 2617
List the prime factors of 49252669.
59, 14149
What are the prime factors of 924319347?
3, 7, 44015207
What are the prime factors of 299324485?
5, 877, 68261
List the prime factors of 553057887.
3, 31, 233, 25523
What are the prime factors of 1431205683?
3, 477068561
What are the prime factors of 1784999076?
2, 3, 7, 113, 383, 491
List the prime factors of 2355981696.
2, 3, 43, 199, 239
List the prime factors of 81330939.
3, 1231, 2447
What are the prime factors of 8244968?
2, 199, 5179
What are the prime factors of 96741958?
2, 19, 1123, 2267
What are the prime factors of 50695961?
50695961
What are the prime factors of 165932053?
7, 17, 293, 4759
What are the prime factors of 948135259?
948135259
What are the prime factors of 14357799?
3, 1595311
What are the prime factors of 46750487?
7, 6678641
What 